 = -m + 10. Determine n(t).
10
Let k(h) be the first derivative of -h**4/4 - 5*h**3/3 + 2*h**2 - 8*h + 52. Calculate k(-6).
4
Suppose 0 = -19*h + 6*h + 26. Suppose -2*l - 6 + 14 = 0. Let x(u) = -4*u + l*u - 2*u. Give x(h).
-4
Let g(v) be the third derivative of v**5/60 + v**4/6 + 3*v**3/2 - 2*v**2 - 2*v. What is g(-3)?
6
Let b(x) = 1 + 4*x - 5 + 0*x - 4*x**2. Let s(d) = -7*d**2 + 7*d - 9. Let h(m) = -5*b(m) + 3*s(m). Suppose -l = -5*l - 5*l + 3*l. Give h(l).
-7
Let m = 1978 - 1977. Let s(o) = 42*o**2 - o + 1. Calculate s(m).
42
Let n(s) = -4 - 1 + 6 - 4 - 6*s. Calculate n(-4).
21
Let o(k) be the first derivative of -2*k**2 + 17*k + 773. Determine o(6).
-7
Let m(x) = -x**3 - 5*x**2 + 5*x - 3. Let a be m(-6). Let i(r) = 44 + r**2 - a*r - 43 + 5*r. Determine i(-2).
1
Let x(y) = -5*y**2 + 4*y + 7. Let l(o) = 2*o**2 + 14*o + 5. Let c be l(-6). Let p(b) = -9*b**2 + 8*b + 14. Let d(q) = c*x(q) + 4*p(q). Determine d(5).
2
Let k(a) = -2*a**2 + 10*a + 5. Let r(u) = u**2 - u + 1. Let w(s) = k(s) + 3*r(s). Calculate w(-5).
-2
Let w be 221/(-85) + -2*(-2)/(-10). Let q(t) = -4*t + 4*t - 2*t - t**2. Calculate q(w).
-3
Let r(x) = -150*x**2 - 3*x + 11*x + 301*x**2 - 150*x**2 + 7. Suppose 2*j + c - 5 = -j, -j - 3*c = -7. Let d be j/(-5) + 58/(-10). Give r(d).
-5
Let f = -6 - -8. Let j be (1 - 2)/(f/(-8)). Let w(g) = g**2 - 2*g - 4. What is w(j)?
4
Let n(g) = g**3 - 8*g**2 + 3*g + 1. Let j be (1 - (-2 + -1)) + (-12)/(-3). Determine n(j).
25
Let o(q) be the second derivative of -q**6/180 - q**5/30 - q**4/3 - 13*q. Let x(t) be the third derivative of o(t). Determine x(-4).
12
Let v(p) = -2*p + 4. Let w = 10 - 12. Let r(c) = -c**2 - 4*c - 5 + 0 - 2*c. Let d be r(w). Calculate v(d).
-2
Let s(x) = x**3 + 8*x**2 - 9*x. Let j = -83 + 19. Let h = j - -55. Determine s(h).
0
Let u(c) = 3*c - 4*c - 15 + 6. Let p be -7 + (8 - 0) - 5. Calculate u(p).
-5
Let k be 1*(7 + (-42)/7). Let s(l) = -11*l - 2. Give s(k).
-13
Suppose m - 14 - 18 = 4*t, 5*m + 20 = 0. Let u(y) = y**2 + 9*y - 9. What is u(t)?
-9
Let i(q) = -q + 10. Let c = 251 + -244. Give i(c).
3
Let x(q) = 9*q - 4*q - 15 - 8*q. What is x(-7)?
6
Let x(o) be the first derivative of -2*o - 2*o**3 - 6 - o**2 - 1/4*o**4. Suppose 12 - 6 = -s. Give x(s).
10
Let d(v) = v**3 + 7*v**2 + 6*v + 1. Let o be d(-6). Let a(y) = 2*y - 1 - 5*y**3 + 3 - 2*y**2 + 2*y**3 + 0 - 3. Calculate a(o).
-4
Let u(p) be the first derivative of 2*p**3 - p**2 - 7*p + 1/4*p**4 + 21. Determine u(-6).
5
Let x(y) be the second derivative of 1/6*y**3 + 0 + 7/20*y**5 + 1/2*y**2 + 29*y + 0*y**4. Determine x(-1).
-7
Let q(s) be the third derivative of 13/60*s**5 - 29*s**2 + 0*s**4 - 1/6*s**3 + 0 + 0*s. Determine q(1).
12
Let g(l) = 10*l + 1. Let v(p) = -p**3 - 6*p**2 + 15*p - 10. Let z be v(-8). What is g(z)?
-19
Let a(q) = -1. Let n(t) = 2*t - 5. Let z(w) = w**3 - 23*w**2 - 25*w + 25. Let s be z(24). Let p(i) = s*n(i) - 2*a(i). Give p(4).
5
Let i be ((-160)/(-240))/(4/42). Let f(r) = -r + 5. Determine f(i).
-2
Let y = 6 - 3. Let d(u) be the second derivative of u**5/20 - u**4/4 - 2*u**2 + 28*u + 1. Determine d(y).
-4
Let t(o) = -17*o - 5. Suppose -35 = -5*q - 45. Calculate t(q).
29
Suppose p - 7*p = 36. Let i(b) = 2*b + 10. Let u be i(p). Let a(x) = -x - 2. Determine a(u).
0
Let t(d) = -2*d**2 + 9*d - 7. Let c(z) = -3*z**2 + 13*z - 10. Let q(j) = 5*c(j) - 8*t(j). Let w = -140 + 146. Calculate q(w).
0
Let o(i) = 2*i**2 + 82*i - 80. Let d be o(-42). Let m(x) be the third derivative of 4*x**2 + 0 + 5/24*x**d + 1/60*x**5 + 0*x - 1/2*x**3. What is m(-5)?
-3
Let y = 56 - 53. Let t be 24/(-9)*6/(-4). Let h(n) = -3*n**3 + 2*n**2 + t*n**3 + 1 - 2*n**3. Give h(y).
-8
Suppose -3*l + 14 = x + 2, 3*l - 2*x = 12. Let s(d) = d - 4 - 4 + 5 + 3*d**3 + 5*d**2. Let j(v) = v**3 + v**2. Let w(z) = l*j(z) - s(z). Calculate w(0).
3
Let n(i) = -2*i + 8. Let m = -48 - -52. Suppose -10 + m = -c. Give n(c).
-4
Suppose v + 3*v = -16. Let m(p) = -13*p - 15. Let k(u) = -7*u - 8. Let x(f) = v*m(f) + 7*k(f). What is x(-3)?
-5
Let u(h) = h - 29. Let j be 46/161 + (-4)/14. Determine u(j).
-29
Let t(l) = -l**2 - l - 1. Let m = 7 + -8. Let b(j) = -j**3 + 11*j**2 - 2*j + 7. Let o(a) = m*b(a) - 4*t(a). What is o(6)?
-3
Suppose 2 - 1 = -p + 2*v, -5*p + 55 = 5*v. Let k(b) = -3*b**2 + 8 + 6*b - 4*b**2 - 2*b**2 + 8*b**2. Determine k(p).
1
Let x(n) = -n**3 + 11*n**2 + 12*n - 2. Suppose -24 = -66*s + 64*s. Calculate x(s).
-2
Let b(u) be the second derivative of u**5/20 - u**2 + 82*u. Suppose -2*t + 12 + 12 = -5*j, 0 = -2*j - 8. Calculate b(t).
6
Let g(t) = 13*t**2 - 16*t + 16. Let d(b) = 36*b**2 - 48*b + 48. Let k(y) = 4*d(y) - 11*g(y). Calculate k(14).
-12
Let x(g) = -5*g**3 - 9*g**2 + 15*g - 4. Let o(k) = -6*k**3 - 10*k**2 + 18*k - 5. Let n(p) = 6*o(p) - 7*x(p). Give n(4).
-6
Let m(d) = d**3 - d**2 - 6*d - 3. Let q be m(0). Let k(c) = 3 - 2 + 3*c - 2*c**2 + 5*c**2 + c**3. Calculate k(q).
-8
Suppose 0 = -3*r + 4*r + 2*c - 34, 0 = r - 2*c - 42. Let z = -32 + r. Let f(t) = -t**2 - 5 + 3 + 0 - 1 + 9*t. Give f(z).
15
Let g(f) = -f**3 - 5*f**2 - 2. Suppose 2*y + 50 = 12*y. Suppose 4*j + y = 25, -4*h - 5*j = -5. Calculate g(h).
-2
Let r(s) be the first derivative of -s**5/15 - s**4/8 + 43*s**3/3 + 29. Let n(a) be the third derivative of r(a). Give n(3).
-27
Let w be 17 + 0 + (-2 - (2 + -6)). Let b = w - 25. Let n(m) = -m**2 - 7*m - 2. What is n(b)?
4
Let x(b) = -b**3 + 5*b - 4*b**2 + 3*b - 2*b. Let t = -27 + 22. What is x(t)?
-5
Let a(x) be the first derivative of x**4/4 + 4*x**3/3 + 3*x**2/2 + 4*x + 6. Let c(n) = n - 3. Let y be c(0). Let k be a(y). Let r(q) = -2*q + 5. Determine r(k).
-3
Suppose 4*q - 67 = -5*d, 0*d + 4*q = -2*d + 34. Let g be d + (1/((-3)/9) - 0). Let s(t) = -2*t + 5. Calculate s(g).
-11
Let u(k) be the third derivative of -2*k**5/15 + k**4/8 - 600*k**2. Give u(2).
-26
Let n(y) be the first derivative of -y**3/3 - 3*y**2/2 + 5*y - 4. Let k(s) = s**2 - 16*s - 24. Let w be k(17). Let r = w + 3. Calculate n(r).
1
Let z be 44/10 + 9/15. Suppose z*d - 2*t = -27, 2*t + t = -12. Let i(b) = -b**2 - 5*b + 6. What is i(d)?
-8
Suppose v = -58 + 69. Let p(f) = f - 7. What is p(v)?
4
Let j = -3 - 2. Suppose -i + 7 = -4*w, 4*i = 2*i + 3*w + 9. Let k(h) = 4*h**2 - 3*h + 4*h + 6 - 4*h + h**i + h. What is k(j)?
-9
Let y(b) = 17*b - 147. Let g be y(8). Let j(i) = -2*i - 15. Calculate j(g).
7
Let g(l) be the second derivative of l**5/20 + l**4/4 - 2*l**3/3 - 2*l**2 + 35*l. Suppose -v + 10 = -6*v. Let t(r) = 3*r + 3. Let f be t(v). Calculate g(f).
8
Suppose -4*o + 35 = -5*o. Let z = o - -23. Let s be (-4)/((-16)/z) + 4. Let r(c) = -14*c. Calculate r(s).
-14
Let y(o) = 3*o - 3. Suppose -9 = -l - 10. What is y(l)?
-6
Let a(s) = -18*s - 21*s - 4 + 32*s + 4 + 1. What is a(-3)?
22
Let k(n) = -3*n + 2. Suppose -7*w = -4*w - 30. Let l = w + -4. Determine k(l).
-16
Let x = 886 - 880. Let s(i) = -2*i - 4. Give s(x).
-16
Let t(s) = s + 1. Let m(h) = -1. Suppose 3*y - p + 0*p = 6, -y - 4*p = -2. Let n(o) = y*m(o) + t(o). Let c = 11 + -11. Give n(c).
-1
Let x(c) = -2 - c**3 - 3*c**2 + 12*c**2 - 3*c + 3 + 11. What is x(9)?
-15
Let a(o) = -o + 3. Suppose 6*f = 4*f + 8. Let g be (f/14)/(12/168). What is a(g)?
-1
Let c(a) = -a**2 - 9*a - 3. Suppose -5*b + 2*u - 40 = 0, 0*b + 5*u = 3*b + 5. What is c(b)?
-13
Let g(o) = -2*o + 40*o**3 + 2*o**2 + 14*o**3 - 49*o**3 - 3. What is g(-1)?
-4
Let u(z) = z**2 + 7*z + 17. Let y be (-2)/(-16) - (-2173)/(-424). Calculate u(y).
7
Let z(h) = 282*h - 1 - 284*h + 5*h**2 - 1 - 3*h**2. Determine z(-3).
22
Let z = 21 - 17. Let j(x) = 2*x**2 - 6 + 3 - 4*x + z. Let i(a) = -a**3 - a**2. Let r(s) = -i(s) + j(s). Determine r(-4).
1
Let u(c) = 2*c + 5. Let k(p) = 4*p + 11. Let s = -16 - -46. Suppose 24 = 6*x - s. Let a(m) = x*u(m) - 4*k(m). Calculate a(1).
3
Let b be 11/22 - (-44)/8 - 7. Let q(h) = -4*h**3 + h**2 + 3*h + 1. What is q(b)?
3
Let c(i) be the second derivative of -i**4/12 + 5*i**3/6 - i**2 + 4116*i. Let l = 4 - 8. Let y = l - -8. What is c(y)?
2
Let m = -41 + 43. Let v(z) = 5*z**2 + z**2 - 3 + 2*z - z**3 - 1 - m*z**2. What is v(3)?
11
Let n(o) = -o - 2. Let r(d) = -4*d. Let q(v) = 3*n(v) - r(v). What is q(0)?
-6
Let f(r) be the second derivative of -6*r + 1/20*r**5 - 1/3*r**4 + 2 + 1/6*r**3 - r**2. Determine f(4).
2
Let i(d) = d**2 + 7*d - 16. Suppose 4*x - 2*b = -30, -4*x - 13 = 